c + 480, 0 = m + c + 96. Let b = 128 + m. What is the highest common factor of 24 and b?
8
Suppose -r - 161 = -3*u, 3*r = -0*r + 12. Calculate the highest common divisor of 605 and u.
55
Let b(a) = -a - 1 + 10*a**3 + a**3 + 2*a + a**2. Let k be -2*(-2)/(-8)*-2. Let l be b(k). What is the greatest common factor of 84 and l?
12
Let h = -5 - -19. Suppose 12*k - 18 = 3*k. Suppose 0 = k*c - h - 32. Calculate the greatest common factor of c and 23.
23
Let h = 17 + -5. Calculate the highest common divisor of h and 6.
6
Suppose 0*l - 2*l = 5*n - 14, -5*n + 18 = 4*l. Suppose -2*b - 52 = -l. Let y = 55 - b. What is the highest common factor of y and 16?
16
Suppose 283 - 63 = 2*s. Suppose -5 = -4*r + 3. Let p be -1 + 45 + r + -2. What is the highest common divisor of s and p?
22
Suppose 16 = -2*h + 4*h. Let r(f) = -f**2 - 3*f + 56. Let o be r(-9). Let q be -1 + 1/o*4. What is the highest common factor of h and q?
1
Suppose 331 = x + 5*y, 4*x - 690 = 5*y + 659. What is the highest common divisor of 48 and x?
48
Let m be (162/(-4) + 3)*2. Let b be ((-6)/5)/(6/m). What is the greatest common factor of 15 and b?
15
Let z(m) = -13*m**3 - 4*m**2 + 7*m + 12. Let j be z(-3). Calculate the greatest common divisor of 85 and j.
17
Let p = -10 + 14. Suppose -p*d + 126 = -d. Let s(l) = 21*l**2 + l + 1. Let i be s(-1). What is the highest common factor of i and d?
21
Let u = -371 - 223. Let z be ((-2)/6)/(3/u). Let i be (1 - (-20 + -1))/1. What is the highest common divisor of i and z?
22
Suppose 350 = -g + 3*a, -4*a + 763 - 73 = -2*g. Let o = -207 - g. Calculate the highest common factor of 16 and o.
16
Suppose 4 = n + 1. Suppose 0 = n*h - 4*o - 58, 2*h - 7*h + 2*o + 78 = 0. Suppose -4*d - 175 = -9*d. Calculate the highest common factor of d and h.
7
Suppose 87 = t - 5*x, 102 = t - 0*t - 2*x. Let b be (98/6 - 7)/((-2)/(-3)). What is the highest common factor of b and t?
14
Let o = 51 - -45. Suppose 120 = 12*p - o. What is the highest common divisor of p and 198?
18
Let y = 237 + -223. Calculate the highest common factor of y and 238.
14
Let p be -24*((-8)/(-32))/((-1)/2). What is the greatest common factor of 3 and p?
3
Let h be (0 + 1)*((-6324)/(-6) + 0). Calculate the greatest common factor of h and 34.
34
Suppose -945 = -38*l + 581 - 386. Let q = 41 + -29. Calculate the greatest common factor of l and q.
6
Let q be (1 - -3)*(-10)/(-20). Let u be ((-170)/25)/(q/(-10)). Let v = u - 23. What is the greatest common divisor of 1 and v?
1
Let z(o) = 44 - 3*o - 47 + o**3 + o + 3*o**2. Let i be z(-3). Let n(p) = -p**2 - 14*p - 15. Let y be n(-6). Calculate the highest common divisor of i and y.
3
Suppose c + g = 1436, c + 23*g - 19*g = 1451. Calculate the highest common divisor of 54 and c.
27
Suppose j + 0*h - 3*h = 48, -j = 4*h - 76. Suppose 616*v = 606*v + 2400. Calculate the highest common factor of v and j.
60
Let i(m) = 3*m**2 - m - 22. Let w be i(-10). Calculate the greatest common factor of w and 6.
6
Let z be 9/2 - (-2)/4. Suppose -z*n = -2 - 8. Suppose -4*q + 0 = -2*v - 12, -n*v = 2*q. What is the highest common factor of 8 and q?
2
Suppose 24 = -o + 29. Suppose -o*c + 726 = -34. Calculate the greatest common factor of c and 19.
19
Let j be (-5)/(-3)*(0 - -6). Let t(i) = 0*i**3 - 8*i**2 + 11*i - 6 - i**3 - 18*i. Let l be t(-8). What is the greatest common factor of j and l?
10
Let g(o) = 12*o - 222. Let n be g(20). Let v(h) = h**3 + 6*h**2 - 6*h - 9. Let u be v(-6). Calculate the highest common factor of u and n.
9
Suppose 5*q + 152 = 3*q. Let p = q - -106. Calculate the greatest common divisor of p and 150.
30
Let x(r) = -5*r - 1. Let m be x(-2). Let n(z) = z**2 + 46*z + 70. Let s be n(-47). Calculate the highest common factor of m and s.
9
Suppose 6*a = 18 - 48. Let w be (-2)/5*(0 + a). What is the highest common factor of 5 and w?
1
Suppose 351*h - 408 = 349*h. What is the greatest common factor of h and 714?
102
Let p = 284 + -83. What is the highest common divisor of p and 134?
67
Suppose -4*m = -8 - 0. Let t be (-7184)/(-112) - m/14. Calculate the highest common divisor of 16 and t.
16
Suppose 0*j = 2*j + o - 123, -j + 49 = 3*o. Suppose 6*t = -2*t + j. What is the highest common divisor of t and 32?
8
Suppose s + 0*s = 3. Suppose a - s*a = 62. Let w = a - -53. What is the highest common divisor of w and 33?
11
Suppose q + 3*i = 5*i + 45, 225 = 5*q - 2*i. Suppose 0 = -3*d - 2 - 16. Let n be 4/6 + (-50)/d. What is the highest common divisor of n and q?
9
Suppose -7*l + 72 = -6*l. Suppose -29*g - l = -32*g. What is the highest common divisor of 16 and g?
8
Let g = -4 - -30. Let p = -111 + 113. What is the highest common divisor of p and g?
2
Let t = 25 + -12. Let l be 2/5 + (-3822)/30. Let z = l - -192. Calculate the highest common divisor of z and t.
13
Suppose -2*g - 14*a + 15*a + 1763 = 0, 0 = 2*g + 5*a - 1793. Calculate the highest common divisor of 104 and g.
52
Let k(c) = c**2 - 6*c + 3. Let d be k(5). Let a be 3/(-6) - 37/d. What is the greatest common factor of a and 36?
18
Let b(h) = -h**2 - 4*h - 30. Let l be b(-6). Let z = l - -118. Calculate the greatest common factor of 57 and z.
19
Let y(t) = -t**2 - 10*t + 2. Let w be y(-9). Let o = w + -11. Suppose -50 = -3*c + 5*n, 30 = -o*c + c + 5*n. Calculate the highest common divisor of c and 5.
5
Suppose 4*v + 44 = 8*v. Let t(b) = -2 + v + 4 - 2*b. Let g be t(-11). What is the highest common factor of g and 14?
7
Suppose 4*d - 176 = 2*g, 0 = 2*g - 0 + 8. Calculate the highest common factor of 98 and d.
14
Suppose -16*z + 39*z - 483 = 0. What is the highest common factor of z and 9?
3
Let k(m) = -m**3 + 17*m**2 + 3*m + 103. Let h be k(15). Calculate the greatest common divisor of 46 and h.
46
Let z be -2 + (-28)/8*14. Let l = 86 + z. Let h = -7 - -21. Calculate the highest common factor of h and l.
7
Let i(k) = 2*k**3 + 23*k**2 - 14*k - 15. Let c be i(-12). What is the greatest common factor of c and 243?
9
Suppose 15*t = 12*t + 36. Let j(w) = -w**2 + 15*w + 4. Let q be j(t). What is the greatest common factor of q and 4?
4
Let z be 16/(-36) - 76/(-9). Let b = 19 + 11. Let x = b - z. What is the highest common factor of 2 and x?
2
Let g(p) = 6*p**3 + p**2 - p. Let s be g(2). Let i = 5 + -1. Suppose 0 = i*l - 0*l - 80. Calculate the highest common factor of l and s.
10
Suppose 5*y - 365 = 11*l - 14*l, -95 = -y - 5*l. What is the highest common divisor of 210 and y?
70
Let c(t) = t**2 - 10*t - 34. Let l be c(-5). What is the highest common factor of l and 164?
41
Let c(t) = -t**2 - 5*t + 7. Let h be c(-6). Let u be -5 + 6 + 4 + -2. What is the highest common factor of h and u?
1
Let g be (-38)/(-4) + -2*(-2)/8. Let u be 0 + (-141)/(-2) + (-1)/2. What is the greatest common divisor of g and u?
10
Let k(z) be the second derivative of z**5/20 + z**4/6 - z**3/2 + z**2 + 4*z. Let l be k(-3). Calculate the highest common factor of 1 and l.
1
Suppose 4*c + 3*u = 8*c + 99, 5*c = -5*u - 115. Let b(o) = -o**2 + 8*o - 10. Let t be b(8). Let n = t - c. Calculate the highest common divisor of n and 2.
2
Let n(y) = 2*y**2 + 4*y - 5. Let h be 6/4*30/(-9). Let i be n(h). Calculate the highest common factor of 175 and i.
25
Suppose -l + 22 = 10. Suppose 3121 = 288*x - 6648 - 7511. What is the highest common factor of x and l?
12
Let p be 4/(-4) + (37 - -194). What is the highest common divisor of 1265 and p?
115
Let f be ((4 - 54/(-4)) + 4)*2. What is the highest common factor of f and 86?
43
Let g = -129 - -201. Let p = -15 + 17. Suppose 3*y - 64 = 2*k, -5*y + 59 = -p*y - k. Calculate the greatest common factor of y and g.
18
Let m = 28 + 4. What is the greatest common divisor of m and 608?
32
Let m(j) = 5*j**2 - 6*j + 11. Let x be m(6). Suppose 45 - x = -v. Calculate the highest common divisor of v and 22.
22
Let s = 322 - 23. What is the greatest common factor of s and 23?
23
Let r = 602 + -534. Calculate the highest common divisor of r and 476.
68
Let h = -24 - -26. Let n be (13/13)/(h/26). Suppose r + 32 = 123. Calculate the greatest common factor of n and r.
13
Let q = 455 + -435. Let t = 63 + -43. Calculate the highest common divisor of q and t.
20
Suppose -15*l + l = -2380. What is the greatest common factor of l and 60?
10
Let j(n) = -4*n**2 + 7*n + 2. Let m(k) = 2*k**2 - 4*k + k - 1 - k. Let z(h) = -6*j(h) -